+ 0?
-19677555
In base 11, what is 10 + -79175?
-79165
In base 12, what is 1121270 - 1?
112126b
In base 3, what is 101200022102 + 21012?
101200120121
In base 12, what is 389 + 10819?
10ba6
In base 5, what is 442301233 + 330?
442302113
In base 3, what is -100212211011122012 + -2?
-100212211011122021
In base 7, what is -250 + 1341154?
1340604
In base 11, what is 30 - 720a0?
-72070
In base 5, what is 23243211 - 23113?
23220043
In base 4, what is 1231013213 + 12?
1231013231
In base 6, what is -13 - 1214112201?
-1214112214
In base 5, what is 12134102302 - -4?
12134102311
In base 14, what is -279 - 3377?
-3612
In base 4, what is 20003 - -130231131?
130311200
In base 9, what is 485226 + 113?
485340
In base 7, what is -203 - -645155?
644652
In base 5, what is -2 - -31001223440?
31001223433
In base 8, what is -1011 - -13252?
12241
In base 7, what is 63513043 + 55?
63513131
In base 16, what is -290ba9 + 31?
-290b78
In base 14, what is c - -272a75?
272a83
In base 9, what is 1 + 8407166?
8407167
In base 13, what is -15 - a89c8?
-a8a10
In base 16, what is 6bdf - 7be?
6421
In base 6, what is -1024 + -252053115?
-252054143
In base 15, what is -5 - -57ece27?
57ece22
In base 11, what is -1370 + 8?
-1363
In base 10, what is 20047535 + -4?
20047531
In base 11, what is -a + 60626?
60617
In base 14, what is 33b7 + -3b94?
-7bb
In base 9, what is -436 + -380513?
-381050
In base 5, what is 1132231 + 141?
1132422
In base 15, what is 11953510 + -4?
1195350b
In base 10, what is -32136 + 12?
-32124
In base 11, what is 19 - -1315543?
1315561
In base 11, what is 23690576 - 1?
23690575
In base 11, what is -136 + 135768?
135632
In base 9, what is 64460 + 10?
64470
In base 16, what is -16af - 111d?
-27cc
In base 4, what is 221022 + -10201301?
-3320213
In base 13, what is -1b10 - 4528?
-6338
In base 7, what is 2 + -2244030114?
-2244030112
In base 9, what is 0 + 205206?
205206
In base 14, what is 53 - 463421?
-4633ac
In base 11, what is -810310a + -3?
-8103112
In base 7, what is 10656 - -541025?
552014
In base 9, what is 1865 + -242746?
-240771
In base 8, what is 30 - 103634107?
-103634057
In base 6, what is 54502552353 - 3?
54502552350
In base 16, what is -1bb98c76 - -1?
-1bb98c75
In base 12, what is 119a + -a2779?
-a159b
In base 16, what is 4 - -97b74?
97b78
In base 5, what is 3202440 - -321042?
4024032
In base 7, what is 366 - 3645054?
-3644355
In base 4, what is -33323120101 - -1112?
-33323112323
In base 2, what is -101010010100101111010001101 - 11?
-101010010100101111010010000
In base 16, what is 1f684f + 7e?
1f68cd
In base 13, what is 7 - -2c59a0?
2c59a7
In base 7, what is 2 + -264166012?
-264166010
In base 7, what is -23361 + 11602?
-11456
In base 15, what is -2 + 4de81e?
4de81c
In base 4, what is -232132210222 + 230?
-232132203332
In base 8, what is -2 + -364061654?
-364061656
In base 16, what is -291b - 230?
-2b4b
In base 10, what is 20 - -1236290?
1236310
In base 5, what is -2110224201 + -2?
-2110224203
In base 11, what is 9 - 1057?
-1049
In base 12, what is 519 + -2640?
-2123
In base 8, what is -35164351 - -40?
-35164311
In base 5, what is -4 - -14403243?
14403234
In base 15, what is -a - 139393?
-13939d
In base 10, what is -882995284 - 4?
-882995288
In base 6, what is -1250030 + -13?
-1250043
In base 3, what is -1001021012210 + 1000?
-1001021011210
In base 9, what is -21487360 - 4?
-21487364
In base 3, what is -21111012112012 + 20?
-21111012111222
In base 2, what is -100001100101010 + 1100000110?
-100000000100100
In base 14, what is 5487bb + 4?
5487c1
In base 16, what is -d254c - 51?
-d259d
In base 11, what is -44072 - 8?
-4407a
In base 4, what is -333002132301 - -11?
-333002132230
In base 2, what is 1101001100111 - 101101110011?
111011110100
In base 13, what is -133714c - 5?
-1337154
In base 8, what is 650 + 16524616?
16525466
In base 10, what is 12 - 25342377?
-25342365
In base 4, what is 13 - -11030010100?
11030010113
In base 10, what is -430074 - -15?
-430059
In base 15, what is -3 + 677b05?
677b02
In base 5, what is 344020340 + 103?
344020443
In base 14, what is 7 + 2d6156?
2d615d
In base 15, what is 480eb5 + 14?
480ec9
In base 13, what is -231656 - -b9?
-23156a
In base 4, what is 31321013 + -11?
31321002
In base 11, what is 3238 + 999?
4126
In base 11, what is 5 - 301047?
-301042
In base 13, what is -361296 - -16?
-361280
In base 15, what is -3a + -6daa?
-6de5
In base 15, what is 0 + 2350e9?
2350e9
In base 5, what is -112414342310 + 14?
-112414342241
In base 9, what is 34376513 + -2?
34376511
In base 13, what is -25 + -2a36a10?
-2a36a35
In base 9, what is -62840662 - -4?
-62840657
In base 8, what is -4 - 231355573?
-231355577
In base 9, what is -43737 - -1177?
-42550
In base 10, what is 40542312 - 5?
40542307
In base 10, what is -583 - 148665?
-149248
In base 2, what is -10001010111010100010110 + 101?
-10001010111010100010001
In base 4, what is 12212 + 131202132?
131221010
In base 11, what is -15 - 8310801?
-8310816
In base 2, what is -11010100 + 1000011011111011100?
1000011011100001000
In base 7, what is 24 + -1066243?
-1066216
In base 9, what is 801 - 373083?
-372182
In base 16, what is 4 - -491614?
491618
In base 12, what is 29 + 3a1745?
3a1772
In base 10, what is 169363719 + -3?
169363716
In base 9, what is -17382 - 667?
-18160
In base 12, what is -301277 + 4?
-301273
In base 5, what is 40 + 33121220?
33121310
In base 6, what is -1 + 3335012205?
3335012204
In base 7, what is 16 - 11256360?
-11256341
In base 11, what is 3 + -2593?
-2590
In base 9, what is -2511761 + 31?
-2511730
In base 6, what is -104 + -102324545?
-102325053
In base 8, what is 4054 - 174?
3660
In base 11, what is 116390 - 45?
116346
In base 12, what is -12 - 16623?
-16635
In base 14, what is -616b - -11c?
-604d
In base 7, what is 135014 + -135?
134546
In base 5, what is 4243 - 4131011?
-4121213
In base 9, what is 251 - -170712?
171063
In base 5, what is 31 - -13411130021?
13411130102
In base 16, what is -1b1f851 + 1?
-1b1f850
In base 15, what is -6 + -742916?
-74291c
In base 13, what is c6cc - 746?
bc86
In base 4, what is 11013322321 + 10?
11013322331
In base 4, what is -2133003101 + 111?
-2133002330
In base 4, what is -220011122231 - 11?
-220011122302
In base 5, what is 1 - 331401301344?
-331401301343
In base 6, what is 1 + -3211003432?
-3211003431
In base 13, what is 2598998 + 2?
259899a
In base 16, what is 1730227f - -4?
17302283
In base 5, what is 12401123 + -13?
12401110
In base 10, what is -160840 - 36?
-160876
In base 9, what is -10326 - 55658?
-66085
In base 7, what is 165223430 - 1?
165223426
In base 7, what is -503033305 - 6?
-503033314
In base 8, what is -14 - 3751332?
-3751346
In base 11, what is 3 - 194a5702?
-194a56aa
In base 2, what is -10110011010 - -1100101111100010?
1100011001001000
In base 4, what is 23010202 + 100103?
23110311
In base 6, what is 115432453 - 1?
115432452
In base 3, what is 12000012000000 - 1012?
12000011221211
In base 9, what is -42304 - 6?
-42311
In base 3, what is -2110201000 + -20110?
-2110221110
In base 12, what is 117953a - 5?
1179535
In base 15, what is -398608 - 62?
-39866a
In base 10, what is -374131 + -225?
-374356
In base 7, what is -2434 - 504001?
-506435
In base 8, what is -732 - 5244?
-6176
In base 4, what is -1122101021 - -1323?
-1122033032
In base 15, what is 448a + 43?
44cd
In base 13, what is ab - 3ac960?
-3ac882
In base 8, what is -225626 + -15055?
-242703
In base 3, what is -101200211021 - 22?
-101200211120
In base 9, what is -128324742 + 3?
-128324738
In base 3, what is -1011100 + 101222102102?
101221021002
In base 3, what is 201021210020020 - -2001?
201021210022021
In base 2, what is 110000101101 + 101111111111?
1100000101100
In base 10, what is 521 - -3174?
3695
In base 4, what is 12120200 - 3130?
12111010
In base 13, what is -2a + -27c473?
-27c4a0
In base 6, what is -43 - 41024413?
-41024500
In base 10, what is -364 - -1061873?
1061509
In base 14, what is 0 + -6d2bd?
-6d2bd
In base 15, what is 2ec03d8 + -1?
2ec03d7
In base 3, what is 121002001 + 200111?
121202112
In base 14, what is -2699a + c?
-2698c
In base 14, what is 201b2b8 + -5?
201b2b3
In base 13, what is -23759b + -2?
-2375a0
In base 15, what is -4c3 - -2705?
2232
In base 12, what is -b31b399b - 5?
-b31b39a4
In base 5, what is 20221 + 33110111?
33130332
In base 2, wha